+ 7 = -58. Suppose j - h = -1. What is the tens digit of j?
1
Let s be (40/(-12))/((-2)/3). Let r(o) = o**2 - 2*o + 5. What is the units digit of r(s)?
0
Suppose 0*i + 4 = 2*i. Suppose 2*r - 3*d - 21 = 0, -5*d - 3 = 4*r - i*r. Suppose 0 = 5*j - 3*j - r. What is the units digit of j?
3
What is the tens digit of (-12)/54 + (-5275)/(-45)?
1
Suppose -q + 4*h + 318 = 2*q, q - 87 = -5*h. What is the units digit of q?
2
Suppose l - 8 = -3*l - 4*t, t + 28 = 4*l. Let i(d) = d - 7. Let m be i(11). Suppose 0 = m*s - 50 + l. What is the units digit of s?
1
Suppose 0 = -5*w - 33 + 163. What is the tens digit of w?
2
Let h = 28 - 11. What is the units digit of h?
7
What is the units digit of (-3*(-1 - -2))/(6/(-22))?
1
Let t be 15/(-12)*(-8)/2. Suppose 0 = 5*m + u + 23, 0*m - t*u = -2*m - 20. Let a(n) = -n - 1. What is the units digit of a(m)?
4
Suppose -5*a = 15, -3*x - a - 12 = 3*a. Suppose -65 = -4*w + v, x = w + v - 33 + 13. What is the units digit of w?
7
Suppose 2*k + 3*t - 18 = 0, 2*t = -2*k - 3*t + 14. Suppose 0*c = -2*c + k. What is the units digit of c?
6
Let f be (-8 - 1)/((-3)/9). Suppose -2*m = -o - 11, 5*m - 2*o + 0*o - f = 0. What is the units digit of m?
5
Let g(q) = -q - 11. Let n be g(-7). Let l = n - -17. What is the units digit of l?
3
Suppose -2*m - 5*y + 93 = 0, 2*y + 5 = 3*y. Let k be (-1)/(-3) - m/(-6). What is the units digit of 7/(-3*(-2)/k)?
7
Suppose -2 = -5*n + 13. Let u be n + -127 + -3 + 1. What is the units digit of (u/(-3))/(1 + 1)?
1
Let k(m) = -7*m + 0*m**2 + 0 + 0*m**2 - 3 - m**2. Let i be k(-5). Suppose -4*b - 39 = -i*b. What is the tens digit of b?
1
Suppose 0 = -0*m + 2*m - 5*n + 8, 0 = 3*m + 4*n - 34. Suppose m*c - 3*c - 48 = 0. What is the units digit of c?
6
Let n = 41 + 30. What is the tens digit of n?
7
Let m(s) = -23*s - 7. Let f be m(-3). Suppose 2*r - 4*r = -f. What is the units digit of r?
1
Suppose 3*y + v + 5 = 0, -y + 3*v - 1 = 4. What is the units digit of (y/6)/((-2)/6)?
1
Let d = -2 + 5. What is the tens digit of (-1)/1 + 17 + d?
1
Let n(h) = h - 10. Let s be n(8). Let f = 15 - s. What is the units digit of f?
7
Let i(h) = 3*h**2 - 4*h + 10. What is the units digit of i(6)?
4
Suppose -84 = -0*p - 4*p. Suppose -p = -2*r + 5. What is the units digit of r?
3
Suppose 4*z + 3*g - 69 = 257, 0 = 2*z - 4*g - 152. What is the units digit of z?
0
Suppose -w = 0, 2*l + 0*w - 5*w - 6 = 0. Suppose 2*x + l*r - 71 = 22, -4*x + 178 = -2*r. Suppose c - 13 = -g, 0*g + g - x = -3*c. What is the units digit of c?
6
What is the tens digit of (-4)/(1 - (-22)/(-21))?
8
Let t be ((-3)/3)/((-1)/(-2)). Let k be 1 + (-2)/t*-3. Let a = k + 20. What is the units digit of a?
8
Let w be 0 + (-1 - -1) - -6. Let k(z) = -z**2 + 7*z - 5. Let n be k(w). What is the units digit of 0 + n + 2/2?
2
Suppose -8 = -4*q - 3*c - 109, -5*q - 127 = 3*c. Let m = q - -48. What is the units digit of m?
2
Let r(f) be the first derivative of 1/4*f**4 + 2 - 5*f**2 - 3*f**3 + 8*f. What is the units digit of r(10)?
8
Let q be 0/2 + 6 + -1. Suppose 9*v = 4*v - 2*l + 24, 3*v = -4*l + 20. Let g = q - v. What is the units digit of g?
1
Let n(u) = u**2 + 13*u - 41. What is the units digit of n(-17)?
7
Suppose 4*n + n - 55 = 0. Let j = -1 + n. What is the units digit of j?
0
What is the units digit of (278/6)/(3*(-1)/(-9))?
9
What is the tens digit of (-85)/(-10)*(-1 - -3)?
1
Let h = -110 + 194. What is the units digit of h/(-20)*10/(-2)?
1
Suppose 0 = 4*x - 106 + 22. What is the units digit of x?
1
Let q = -7 - -11. Suppose -5*n - 2*w + 4 = -q*n, 3*n - 1 = 5*w. What is the units digit of n/(-3)*(3 + -6)?
2
Suppose 0*a - 4*a = -24. Suppose 2*r = 12 + a. What is the units digit of 48/r - 2/6?
5
Let z be 2/(-9) - 145/(-45). Suppose -z*d - 30 = -5*d. What is the units digit of d?
5
Let x(s) = 0 - 1 + 4 - s. Suppose -4*d - 11 - 1 = 0. What is the units digit of x(d)?
6
Let p(j) = 6*j - 8. Let t be p(6). Suppose 3*x + 2*v = t, 5*v + 83 = 5*x + 28. What is the units digit of x?
0
Suppose 18 - 4 = -2*m. Let l(d) = -d**3 - 6*d**2 + 6*d + 3. Let v be l(m). Suppose 0*k - 3*k + 2 = -4*o, -o + v = k. What is the units digit of k?
6
Let s(g) = -g**3 + 4*g**2 + 6*g + 2. Let v be s(5). Let c be (v - -2) + (-2 - 1). What is the units digit of (-2 - 0)*(-9)/c?
3
Suppose u = -u + i + 27, -5*i - 51 = -4*u. What is the tens digit of u?
1
Let s(b) = -b**3 - 2. Let q(t) = t**2 - 5*t + 4. Let i be q(4). Let f be s(i). Let v = 11 + f. What is the units digit of v?
9
Suppose 0 = 3*r - 3*h - 27, 8*r + 2*h - 42 = 4*r. Let q be (4/r)/(6/(-30)). Let v = 2 - q. What is the units digit of v?
4
Let m(t) = t - 2. Let u be ((-4)/12)/(1/(-15)). Suppose f + u*h = 15, -2*f = -0*f - h - 8. What is the units digit of m(f)?
3
Let v = -2 - -5. Suppose 0 = -v*l - l + 124. What is the tens digit of l?
3
Let n = -4 + -1. Let w be n*(-1 + (-111)/15). Suppose 2*f - w = -f. What is the units digit of f?
4
Let g(j) = j**2 + j + 4. Let i be g(0). Suppose i*x + z + 4 = -4*z, -2*x - 4*z = 2. What is the units digit of (x + 3/2)*20?
0
Let r be 606/18 + (-1)/(-3). Suppose 1 - r = -3*i. What is the units digit of i?
1
Let q = -47 - -107. What is the units digit of q?
0
Suppose 2*v - 252 = -3*m, -4 = m + m. What is the tens digit of v?
2
Let a = 31 + -8. What is the units digit of a?
3
Let v(q) = -q - 7. Let o = -16 - -7. Let c be v(o). What is the units digit of c/(-3)*(0 + -12)?
8
Let x(z) = -3*z + 3. Let o be x(-5). Let u = o + -6. What is the tens digit of u?
1
What is the tens digit of 0*(-3 + 5 + -3) + 81?
8
What is the units digit of (124/6)/(2/3)?
1
Suppose -5*k = -w - 1940, -2*k = w - 2*w - 779. What is the units digit of k?
7
Suppose 5*v - 32 = 58. What is the tens digit of ((-42)/9)/((-3)/v)?
2
Let m(z) = z + 59. Let l be m(0). Let a = -35 + l. What is the tens digit of a?
2
Suppose -2*l - 8 = -2. Let k(y) = -3*y - 1. Let m be k(l). Suppose 0 = -c + 14 + m. What is the tens digit of c?
2
Suppose -5*l + 0*l = 0. Let w = l + 2. Suppose -w*c = -4*c + 24. What is the tens digit of c?
1
Let f(w) = -w**3 + 6*w**2 - 6*w. Let h be f(5). Let a be 2/5 - (-73)/5. Let j = h + a. What is the units digit of j?
0
What is the tens digit of (-1216)/(-10) + 15/(-50)*2?
2
Let c = -179 + 394. Suppose -q + c = 4*q. What is the units digit of q?
3
Let o be 4/(-16) - 10/(-8). Let p = 11 + -8. What is the units digit of (-8)/(o/(p/(-6)))?
4
Let k be (9/(-6))/((-3)/16). Suppose 0 = -2*x - 4*g - k, 3*x - 2*g + 6 = -x. What is the units digit of 28/((8/(-2))/x)?
4
Suppose -i + 36 = 3*i. Let z = 18 - i. Suppose -2*g + z = -g. What is the units digit of g?
9
Let n = 7 + -1. Let r be (-3 - 0)*(-4)/n. Suppose r*c - 3*d + 2 - 1 = 0, c + d - 12 = 0. What is the units digit of c?
7
Let p(t) = 65*t - 16. Let w(m) = 13*m - 3. Let z(q) = 2*p(q) - 11*w(q). Let j be z(1). What is the units digit of ((-16)/j)/(2/6)?
4
Let j = 27 - 250. Let s = -155 - j. Suppose 4*o = 8*o - s. What is the units digit of o?
7
Let l(h) = -3*h - 12. Let z(u) = 3 + 0*u - 4*u + 5*u - 2. Let o(m) = l(m) + 6*z(m). What is the tens digit of o(7)?
1
Suppose g - 15 = -2*g. Suppose 3*h = -3*o - 48, 9 = -2*o + g*h - 16. Let w = o + 26. What is the units digit of w?
1
Let n(a) = -96*a**3 - 2*a**2 + a + 2. What is the tens digit of n(-1)?
9
Let r(y) = 13*y**3 - 3. Let v(d) = -66*d**3 + d**2 + 16. Let h(g) = -11*r(g) - 2*v(g). Let z be h(-1). Let t = -7 + z. What is the units digit of t?
3
Let v be 9 - (-2)/8*-4. Let c = 4 + v. What is the tens digit of c?
1
Suppose -39 = 3*m - 6*m. What is the tens digit of m?
1
Let g(c) = c - 5. What is the units digit of g(6)?
1
Let x(h) be the first derivative of -h**4/4 - 14*h**3/3 - 13*h**2/2 + 3*h + 8. What is the units digit of x(-13)?
3
Suppose -5*v + 24 = -1. Suppose 0 = -3*r - 3, v*r + 25 = 2*h - h. Suppose -18 = z - 3*z - 2*y, 5*y - h = 0. What is the units digit of z?
5
Suppose -2*h - 3*c + 1 = 0, -2*h - 5*c + 0*c = -3. Let k = h - -4. Suppose v = -k*v + 68. What is the tens digit of v?
1
Suppose 0 = -y - 26 + 106. Let h be (y/12)/((-2)/(-6)). Suppose 3*v + 8 - h = 0. What is the units digit of v?
4
Suppose 3*g = -4*z - 1, z + 5*g + 17 = 2*z. Suppose z*a - 3 - 25 = 0. What is the tens digit of a?
1
Suppose -3*s + 394 = -5*k - 523, 5*s = -5*k + 1595. What is the tens digit of s?
1
Suppose -r + 385 = 4*r. What is the tens digit o